6/8. Let k = 470 + -490. What is the units digit of (-4)/k + (-1122)/f?
5
Let g(r) = 3*r**2 - 103*r - 94. Let h be g(39). Suppose -b + a + h = 0, -40*b - 1352 = -43*b + 4*a. What is the hundreds digit of b?
4
Suppose 4*u = -19031 - 7129. What is the hundreds digit of (9/45)/((-4)/u)?
3
Let x = 9003 + -142. What is the hundreds digit of x?
8
Let s be (-6)/(18/1289)*3. Let v = s + 2176. What is the units digit of v?
7
Let z(q) = 3*q**2 - 21*q - 24. Let h(d) be the second derivative of -d**4/12 + d**2/2 - 2*d. Let m(f) = 2*h(f) + z(f). What is the units digit of m(26)?
8
Let w be 20/(-8)*24/(-5). Let k be (-2 - w)*2/(-7). Suppose 0 = k*i - 136 - 168. What is the units digit of i?
6
Let v(b) = b**2 + b + 3. Let d be v(0). Let j(a) = 30*a - 3 - 2 + 11 - 9. What is the tens digit of j(d)?
8
Let q(l) = 3*l - 2. Let x be q(2). Let g(u) = 4*u**2 - 7*u + 12. Let y be g(x). Let v = -40 + y. What is the units digit of v?
8
Let n(u) = -2*u + 30. Let i be n(-11). Suppose 0 = -45*v + i*v - 5754. What is the units digit of v?
2
Suppose -4*l + 5476 = -2*l + 3*i, l = -3*i + 2744. Suppose 6*n = 3*k + 4*n - l, 3*k = 4*n + 2734. What is the tens digit of k?
1
Let l be 39 + -34 + (1 - 6/3). Suppose -2808 = -2*v - 2*i, -4150 = -l*v + 4*i + 1434. What is the units digit of v?
0
Suppose 0 = 5*n + 3*n + 624. Suppose -3*o - 4*d + 2*d = 142, -132 = 3*o - 3*d. Let x = o - n. What is the units digit of x?
2
Let f(k) = -k + 24. Let g be f(18). Suppose h = -5*h + g. What is the units digit of h*4*3*123/18?
2
Let p(h) = 77*h**2 + 370. What is the units digit of p(-19)?
7
Let f(m) = 1975*m**2 + 40*m + 3. What is the thousands digit of f(2)?
7
Suppose -3*a - 45 = -3*j + 6, -a + 39 = 3*j. Let o be 3*(-48)/j - 4/(-14). Let w(p) = p**3 + 9*p**2 - 9*p + 19. What is the units digit of w(o)?
9
Let s be (-258)/(-4)*(-10)/15. Let r = -38 - s. Suppose 0 = -k - 5*c + 63 + 10, 0 = r*k + 2*c - 250. What is the tens digit of k?
4
Suppose 1096 = 26*o - 25*o. What is the tens digit of (-1)/(o/220 + -5)?
5
What is the tens digit of (12079 - (70 - 57))/(((-2)/(-6))/1)?
9
Let c(o) = 448*o**2 - 11*o - 20. What is the thousands digit of c(5)?
1
Let f(k) = -k**2 + 14*k - 27. Let m be f(7). Suppose -t - 8589 = -m*t. What is the units digit of t?
9
Let q(x) = -2*x + 33. Let b = 79 + -64. Let n be q(b). Suppose -n*j - 3*v = -387, -5*v = -3*j + 269 + 78. What is the hundreds digit of j?
1
Let m = 231 - 232. What is the tens digit of (-79)/((1/5)/m)?
9
Let y(s) = 3*s**2 - 59*s - 7. Let m(g) = -6*g**2 + 119*g + 13. Let n(b) = 4*m(b) + 9*y(b). What is the hundreds digit of n(22)?
2
Let w(b) = 44*b - 39 + 15 + 15. Let a be w(-4). Let p = a + 286. What is the tens digit of p?
0
What is the thousands digit of (-14)/49 - (-7)/(294/266922)?
6
Suppose t + 5*g = 5*t - 56, t + 5*g = 39. What is the tens digit of 0 + (t/19 - (-105)/1)?
0
Suppose 5*f + 67 = 87. Suppose 3*m = f*p + 331, 0 = p + 3*m + 13 + 51. Let y = -15 - p. What is the tens digit of y?
6
Suppose 25*q - 23*q = -16, -g + 10421 = 4*q. What is the ten thousands digit of g?
1
Suppose 5*l + 5*o = 10935, -5*o = -19*l + 14*l + 10935. What is the hundreds digit of l?
1
Let f(r) = 33*r**2 - 548*r - 28. What is the hundreds digit of f(26)?
0
Let q = -1729 - -4799. What is the thousands digit of q?
3
Let v be (-6)/(-30) + 627/15. Let h = v - 25. Let w = h - -23. What is the tens digit of w?
4
Let m(g) = -2*g**3 - 40*g**2 + 45*g - 16. What is the units digit of m(-33)?
3
Let g be 1*4/8*4. Suppose -2*o + g*p = 2*o - 492, -4*p = 3*o - 391. What is the hundreds digit of o?
1
Suppose -89*g = -64*g - 70775. What is the tens digit of g?
3
Let k = 7670 + -464. What is the thousands digit of k?
7
Let h(q) = q**2 + 15*q + 4. Suppose -121*i + 15 = -122*i. Let m be h(i). What is the tens digit of -11*m*(-3)/6?
2
Let z = -158 + 157. What is the hundreds digit of 123 - 13 - (1 + 1/z)?
1
Let y(w) = -w**2 + 9*w + 35. Let k be y(12). What is the units digit of ((-417)/(-9))/(k/(-3))?
9
Suppose 2*n = -5*g + 21722, -5*g - 21718 = -10*g - 3*n. What is the tens digit of g?
4
Suppose 3*d = -7*m + 80056, -2*d - m + 10101 + 43266 = 0. What is the hundreds digit of d?
6
Let u(n) = -250*n**2 - 6*n + 7. Let l be u(1). Let o = 216 - l. What is the units digit of o?
5
Suppose -173566 = -5*z - 2*r, 55*z - r + 104138 = 58*z. What is the thousands digit of z?
4
Suppose -4*w + 224 = 5*g, 5*g + 0*g = 4*w + 216. Let r(b) = -4*b - 13*b + g + 4*b. What is the hundreds digit of r(-10)?
1
Let j be 2/(-2)*-2*246/(-12). Let q = -33 - j. Suppose q*o + 55 = 799. What is the units digit of o?
3
Let c be -2 + (-4)/8*-178. Let g be (44 - 46) + -1 + c*1. Let r = g - 56. What is the units digit of r?
8
Suppose -129*c + 49*c + 3938240 = 0. What is the ten thousands digit of c?
4
Let w = 366 + -186. Suppose -z - 3*z = -2*s + w, -5*s = z - 406. What is the units digit of s?
2
Suppose -1120875 = 382*q - 457*q. What is the ten thousands digit of q?
1
Let g(v) = 3*v**3 - 3*v**2 + 5*v - 3. Let n be g(1). Suppose n*a - 504 + 160 = 0. Suppose 4*b - 1224 = -a. What is the units digit of b?
3
Let t(g) = 19*g + 192. Let b = -735 - -746. What is the hundreds digit of t(b)?
4
Let p(k) = -k + 12*k - 61 + 0*k. Suppose -10*y - 399 = -569. What is the hundreds digit of p(y)?
1
Suppose -27 = -7*b + 4*b. Suppose -4*g + g + b = 0. Suppose i = g*i - 154. What is the tens digit of i?
7
Let n be (3 + -8 - -5) + 4. Suppose 2*y + 1572 = 3*m - 2*y, n*y - 2068 = -4*m. What is the units digit of m?
0
Suppose 24*f = 39*f - 30. Suppose -f*g + 948 = 2*g. What is the hundreds digit of g?
2
What is the ten thousands digit of ((-29252)/4047 - 2/19)/((-2)/2733)?
1
Let r = 21 + -19. Suppose -69 - 73 = -r*u. Let k = 169 - u. What is the units digit of k?
8
Suppose -4*z - 3*s + 1150 = 246, z - 207 = 4*s. Let m = 13 + z. What is the tens digit of m?
3
Suppose 5*o - 1426 - 2609 = -5*i, 4*i - 3226 = -5*o. Suppose -5*a + 2*a + i = -4*s, -5*a + 1383 = 2*s. What is the units digit of a?
5
Let j(v) = -7*v + 15. Suppose 2*m + 35 - 31 = 0. Let k = m - 8. What is the units digit of j(k)?
5
Let u be (-4 + -4 - -13)*2/5. Let l = -46 + 50. Suppose -l*n + 2*t = t - 273, -u*n = t - 135. What is the units digit of n?
8
Let r be (-2)/24 + 16486/(-24). Let a = -299 - r. What is the tens digit of a?
8
Suppose -2*w - 3*d + 27830 = 0, 18*w + 41746 = 21*w + 5*d. What is the ten thousands digit of w?
1
Let m be 170 + -4 - 2 - -4. Suppose -l + 9*l - m = 0. Suppose -3*b + 4*y + 62 = 0, -y = 4*b - 30 - l. What is the units digit of b?
4
Suppose t + 6*u - 36317 = 0, 0 = -t + u - 16676 + 53035. What is the units digit of t?
3
Suppose -5*i + 1277 = 3*n, 2*i + 4*n = -191 + 699. Suppose -253*k = -i*k. Suppose k = -2*y + 4*t + 312, -319 = -2*y - t - 2*t. What is the tens digit of y?
5
Suppose -5*h = 7*l - 12*l + 895, -4*l + 896 = -5*h. Let k = h + 1537. What is the thousands digit of k?
1
Suppose 4*v + 24 = 2*v. Let d be v/(-21) + (-31)/(-7). Suppose -q - 113 = -3*s + s, 0 = -q + d. What is the tens digit of s?
5
Let h(c) = -2 + 57*c**2 + 6*c - 401*c**2 + 3 + 5. Let v be h(-1). What is the units digit of (6/4)/((-12)/v)?
3
What is the tens digit of (-1179208)/(-30) + 131/1965?
0
Suppose 3*g + 18 = 0, 6*g + 19513 - 4842 = i. What is the units digit of i?
5
Suppose 3*u = -5*b + 72, 0 = 3*b - u + 58 - 90. Let p(v) = v**3 + 5*v**2 - 6*v + 7. Let i be p(-6). Suppose i*q + 5 = b*q. What is the units digit of q?
1
Let k(j) = -3*j + 73. Let r be k(26). Let a(x) = -x**3 + 4*x**2 + 7*x - 5. What is the hundreds digit of a(r)?
1
Let l(b) = -216*b - 131. Let y be l(-4). Suppose y = 17*f - 2769. What is the units digit of f?
6
Suppose 0 = 46*g + 21713 - 259579. What is the tens digit of g?
7
Suppose 0 = -4*m + 713 - 681. Suppose n + 6951 = m*n. What is the hundreds digit of n?
9
Suppose 15*i - 28*i = 28132. Let q = -1187 - i. What is the hundreds digit of q?
9
Let j be (3 - 65/52)/(2/1464). Let r = -202 + j. What is the thousands digit of r?
1
Let z(m) = m**2 - 3*m - 3. Suppose -48 + 57 = -3*c. Let l be z(c). What is the tens digit of (-884)/(-12) + 20/l?
7
Suppose 0 = 11*a - 4*a + 21. Let y(j) = -15*j - 4. What is the units digit of y(a)?
1
Let c = -3656 - -9626. What is the thousands digit of c?
5
Let l(a) = -a**2 + a + 6. Let g be l(5). Let k(i) = 5*i + 5*i**2 - 1 - 18*i**2 + 6*i*